{"id":12,"date":"2025-12-06T20:34:32","date_gmt":"2025-12-06T20:34:32","guid":{"rendered":"https:\/\/a-f-e-d.fr\/?page_id=12"},"modified":"2025-12-10T20:09:15","modified_gmt":"2025-12-10T20:09:15","slug":"objet","status":"publish","type":"page","link":"https:\/\/a-f-e-d.fr\/?page_id=12","title":{"rendered":"OBJET DE L&rsquo;ASSOCIATION"},"content":{"rendered":"\n<div class=\"wp-block-media-text is-stacked-on-mobile\"><figure class=\"wp-block-media-text__media\"><img loading=\"lazy\" decoding=\"async\" width=\"183\" height=\"275\" src=\"https:\/\/a-f-e-d.fr\/wp-content\/uploads\/2025\/12\/image-1.jpg\" alt=\"\" class=\"wp-image-13 size-full\"\/><\/figure><div class=\"wp-block-media-text__content\">\n<p>Cette association a pour objet de contribuer au d\u00e9veloppement du Dressage en France, afin de&nbsp;:<\/p>\n\n\n\n<p>\u2022 Renforcer le lien entre les Entra\u00eeneurs professionnels tant au niveau national que r\u00e9gional&nbsp;;<\/p>\n\n\n\n<ul class=\"wp-block-list\">\n<li>Assurer un lien entre les membres de l\u2019AFED et la F\u00e9d\u00e9ration\u00a0fran\u00e7aise d\u2019\u00e9quitation, en apportant si besoin des avis techniques sur l\u2019\u00e9laboration des textes officiels\u00a0;<\/li>\n\n\n\n<li>Renforcer les comp\u00e9tences des Entraineurs sous tous ses aspects par des actions de formation continue ;<\/li>\n<\/ul>\n\n\n\n<ul class=\"wp-block-list\">\n<li>Organiser des s\u00e9minaires, stages, voyages d\u2019\u00e9tude ou autres actions en rapport avec l\u2019entra\u00eenement et le Dressage\u00a0;<\/li>\n\n\n\n<li>Faciliter des actions de formation au profit des disciplines\u00a0: DRE, CSO et CCE\u00a0;<\/li>\n\n\n\n<li>Contribuer \u00e0 la diffusion de pratiques respectueuses dans le travail des chevaux, ainsi qu\u2019au bien-\u00eatre \u00e9quin\u00a0;<\/li>\n\n\n\n<li>Faire respecter la d\u00e9ontologie, dans l\u2019entrainement et la pr\u00e9paration des comp\u00e9titions\u00a0;<\/li>\n\n\n\n<li>Veiller \u00e0 l\u2019ind\u00e9pendance de ses membres, aux conflits d\u2019int\u00e9r\u00eat, et \u00e0 la d\u00e9ontologie professionnelle\u00a0;<\/li>\n\n\n\n<li>Participer aux jurys des qualifications relatives \u00e0 l\u2019entrainement en Dressage\u00a0;<\/li>\n\n\n\n<li>Participer \u00e0 des \u00e9changes avec les autres associations\u00a0li\u00e9es au Dressage notamment des cavaliers et des juges\u00a0;<\/li>\n<\/ul>\n\n\n\n<p>\u2022 Travailler en relation avec l\u2019IDTC (le Club International des Entraineurs de Dressage)&nbsp;: pour les informations, les s\u00e9minaires, la repr\u00e9sentation \u00e0 la FEI ;<\/p>\n\n\n\n<p>Assurer les contacts n\u00e9cessaires afin d\u2019informer la presse et les diff\u00e9rentes associations \u00e9questres nationales et internationales concernant l\u2019objet de l\u2019Association.<\/p>\n<\/div><\/div>\n\n\n\n<p><\/p>\n","protected":false},"excerpt":{"rendered":"","protected":false},"author":1,"featured_media":0,"parent":0,"menu_order":2,"comment_status":"closed","ping_status":"closed","template":"","meta":{"footnotes":""},"class_list":["post-12","page","type-page","status-publish","hentry"],"_links":{"self":[{"href":"https:\/\/a-f-e-d.fr\/index.php?rest_route=\/wp\/v2\/pages\/12","targetHints":{"allow":["GET"]}}],"collection":[{"href":"https:\/\/a-f-e-d.fr\/index.php?rest_route=\/wp\/v2\/pages"}],"about":[{"href":"https:\/\/a-f-e-d.fr\/index.php?rest_route=\/wp\/v2\/types\/page"}],"author":[{"embeddable":true,"href":"https:\/\/a-f-e-d.fr\/index.php?rest_route=\/wp\/v2\/users\/1"}],"replies":[{"embeddable":true,"href":"https:\/\/a-f-e-d.fr\/index.php?rest_route=%2Fwp%2Fv2%2Fcomments&post=12"}],"version-history":[{"count":2,"href":"https:\/\/a-f-e-d.fr\/index.php?rest_route=\/wp\/v2\/pages\/12\/revisions"}],"predecessor-version":[{"id":68,"href":"https:\/\/a-f-e-d.fr\/index.php?rest_route=\/wp\/v2\/pages\/12\/revisions\/68"}],"wp:attachment":[{"href":"https:\/\/a-f-e-d.fr\/index.php?rest_route=%2Fwp%2Fv2%2Fmedia&parent=12"}],"curies":[{"name":"wp","href":"https:\/\/api.w.org\/{rel}","templated":true}]}}